 p - 5 - 1 = 0. Let m(x) = -9*x - 7*x + x**2 + 10*x - 1. Calculate m(p).
-1
Let m(t) = t - 4. Suppose 27 = 4*v + 5*q, 0*v - 3*q = 5*v - 50. Suppose -5 = -3*f + v. Determine m(f).
2
Let o(v) = 5*v**2 - 11*v + 8. Suppose -2*c = -0*c - 16. Let r(n) = 2*n**2 - 4*n + 3. Let y(j) = c*r(j) - 3*o(j). Give y(0).
0
Let b(n) = -2*n + 6. Let t be b(4). Let u = t + -4. Let a(m) = -m**2 - 7*m - 5. Give a(u).
1
Let a(k) = -4*k + 3. Let p(c) = -c + 1. Let f(g) = a(g) - 5*p(g). Give f(3).
1
Suppose 111*o - 115*o - 24 = 0. Let f(u) = u**2 + 3*u - 8. Give f(o).
10
Let u(j) = -j**3 + 2*j - 1. Let g(p) = -3*p - 4*p + 0*p + 3*p - p**2 - 2. Let v be g(-3). Determine u(v).
0
Let p(m) = -7*m**2 + 7*m**2 - 5*m + m**3 + 5. Let j be p(2). Let i(f) = 2*f + 1. Calculate i(j).
7
Let t be (4/10)/((-4)/(-10)). Let i be 6*(-1)/4*-2. Let o(l) = -3 + l + i + 1. What is o(t)?
2
Let s(i) be the second derivative of -i**3/6 - i**2 - i. Let d(k) = k**3 - 22*k**2 - 23*k - 6. Let a be d(23). Give s(a).
4
Let m be -4 - (0/(-3))/4. Let g(k) = -k**3 - 3*k**2 + 4*k + 6. Calculate g(m).
6
Let g = -15 - -17. Let x(i) = i**3 + 2*i**2 - 4*i + 2. Determine x(g).
10
Let l(w) = -3 + w - 2*w + 2 - 3. Let f be l(-4). Let q(j) = j + 7. Give q(f).
7
Let x(p) = -3*p**3 - 17*p**2 + 3*p - 9. Let h(m) = -5*m**3 - 26*m**2 + 4*m - 14. Let z(r) = 5*h(r) - 8*x(r). Calculate z(2).
10
Let s(h) = 4 - 5*h + 6*h**2 + 64*h**3 - 123*h**3 + 58*h**3. Calculate s(5).
4
Let w be 2 + 9/(-3) + 3. Let b = 1 - w. Let j be ((-1)/b)/((-2)/(-10)). Let s(p) = -p + 7. What is s(j)?
2
Let i be (-2)/(-3) - 7/(-3). Let r(b) be the second derivative of b**5/20 - b**4/3 + b**3/3 + 3*b**2/2 + 4*b. What is r(i)?
0
Let y(l) = 0 + l + l - 4. Let g = -7 - -13. Let d(j) = j**2 - 6*j + 5. Let s be d(g). Give y(s).
6
Let n(u) = -3*u + 1. Let v(c) = 3*c - 1. Let f(w) = -5*n(w) - 4*v(w). Let z be 3/3 + 0/(-2). Let j = -2 + z. Give f(j).
-4
Let n(l) = 7*l**2 - 7*l - 8. Let q(f) = 6*f**2 - 7*f - 7. Let x(c) = -5*n(c) + 6*q(c). What is x(6)?
-8
Let m(u) = 2*u - 3. Let v(w) = -2*w + 2. Let b(t) = -2*m(t) - 3*v(t). Let c(n) = n**2 - 8*n. Let h be c(8). Let q(i) = i - 2. Let d be q(h). Calculate b(d).
-4
Suppose 2*d + 5*b - 16 = 0, -2*d + 6 - 2 = -b. Let c(r) = -5*r**2 + 1 + r**3 - 3 + 3 + 2*r + 0*r**d. What is c(5)?
11
Let o = -1 - 1. Let d be o*((-2 - -2) + -2). Let k(u) = -u**2 - 3*u - 5. Let j(t) = -2*t**2 - 4*t - 6. Let l(h) = 2*j(h) - 3*k(h). What is l(d)?
-9
Let i(v) be the first derivative of v**3/3 - 7*v**2/2 + 2*v + 20. Give i(5).
-8
Let d(x) be the first derivative of x**3/3 - 4*x + 31. Calculate d(-3).
5
Let m(u) = u**3 + 4*u**2 - u + 3. Let x be -1 - -4*9/(-12). What is m(x)?
7
Let b(f) be the third derivative of -f**5/60 - f**4/4 + f**3/2 - 6*f**2. What is b(-7)?
-4
Let x(s) be the second derivative of s**5/20 + 5*s**4/12 + 5*s**3/6 - 2*s**2 - 40*s. Calculate x(-4).
-8
Let x(w) be the third derivative of w**4/24 - w**3/2 + 32*w**2. Determine x(-3).
-6
Let z(j) = -j**3 - 3*j + 3. Let w = 25 + -23. Calculate z(w).
-11
Let a(i) be the first derivative of -i**4/12 + 5*i**3/6 - i - 4. Let j(v) be the first derivative of a(v). Determine j(5).
0
Suppose 3*v = -v. Let k(d) = -4*d - 2 + 3 + 2*d**3 - 3*d**3 + v*d**3 - 5*d**2. Calculate k(-4).
1
Let o(v) be the second derivative of v**3/6 - 3*v**2/2 - 11*v. What is o(4)?
1
Let u be 4/(1/(2 + 0)). Let h = u + -4. Let f(k) = k - 4*k + 5*k**2 + 6*k - h + k**3. What is f(-4)?
0
Suppose -49*i = -44*i + 10. Let d(u) = 0*u + 0*u + 2*u - u**2. Give d(i).
-8
Suppose 0 = -4*f + 3 + 9. Let a = f - 2. Let d(l) = -3 - 7*l - 1 + 5. What is d(a)?
-6
Suppose 3*b - 10 = 5*v, -b = -3*v - 4*b + 18. Let h(y) = 3 - 4*y + v - 26*y**3 + 3*y**2 + 25*y**3. What is h(3)?
-8
Let q(s) = s**3 + 5*s**2 + 3*s + 3. Let u(y) = -2*y + 23. Let x be u(14). Give q(x).
-12
Let k be -4 + 0 - (-25)/5. Let p(i) = 12*i - 1. Calculate p(k).
11
Let f = -12 - -6. Let d = 3 + f. Let b(l) = 6*l - 4*l**3 + 3*l**2 - 2*l + 4 + 5*l**3. Calculate b(d).
-8
Let j(p) = -2*p**2 - 7*p + 10. Let a(x) = -x**2 - 4*x + 5. Let k(w) = 9*a(w) - 4*j(w). Let r(u) = -u + 1. Let b(y) = k(y) - 4*r(y). Calculate b(-5).
-4
Let p(g) = -3*g + 2. Let k(h) = -9*h + 7. Suppose 4*s = -28 - 4. Let j(n) = s*p(n) + 3*k(n). Suppose -6 = -y - 2. Calculate j(y).
-7
Let t(k) = -2*k**2 - 4. Let q(p) = 3*p**2 + p + 7. Let m(v) = 3*q(v) + 5*t(v). Suppose -7 = 3*x - 1. Determine m(x).
-9
Let b(h) be the third derivative of -h**2 + 1/3*h**3 - 1/24*h**4 + 0 + 0*h. Calculate b(5).
-3
Let h(b) = -5*b**2 - 10*b + 10. Let z(o) = 9*o**2 + 19*o - 19. Let u(w) = -7*h(w) - 4*z(w). Let v = 4 + -4. Let x be (-2 - v)/((-2)/(-6)). Give u(x).
6
Let r(o) = o**2 + o - o**2 - o**2. Let h(y) = -y**3 + y**2 + 3*y. Let j(m) = h(m) - 4*r(m). Let i = 16 - 11. Calculate j(i).
-5
Let g(k) be the third derivative of -k**4/24 + k**3 - 6*k**2. Determine g(3).
3
Let l(y) be the first derivative of 2*y**3/3 - 3*y**2 + 2*y - 7. Calculate l(4).
10
Let n(a) be the first derivative of -2 + 2/3*a**4 - 1/6*a**3 - 1/2*a**2 + 2*a. Let x(k) be the first derivative of n(k). Give x(-1).
8
Let n(b) = 2*b + 2. Suppose -3*y = l - 1, 5*y - l + 4 = 3*l. Suppose 2*c + 4*f = -4, 4*c - 7*c + 3*f + 3 = y. Suppose 2*x = -c*x + 4. Give n(x).
6
Let r(o) = o**3 - 2*o**2 - 3*o + 2. Let v(p) be the first derivative of -p**2/2 + 2*p - 7. Let w be v(-1). Calculate r(w).
2
Let a(h) be the third derivative of h**4/24 - 7*h**3/3 + 8*h**2 + h. Let l be 2/(-7) + (-51)/(-7). What is a(l)?
-7
Suppose 5*x - 5*l = 60, 0 = 3*x + 5*l - 3*l - 21. Suppose 5*p - 6 - x = 0. Let u(m) = p*m + m**2 + 2*m - m. Determine u(-5).
5
Let k(h) = -h + 3. Let x be k(0). Let s(p) = 1 + 6*p + p**2 + 3*p**2 - 2*p + 3*p. Let q(i) = 3*i**2 + 6*i + 1. Let j(v) = 5*q(v) - 4*s(v). Give j(x).
-2
Let k(n) = 2*n + 4. Let i be k(3). Let s(f) = -4*f + 11*f - i*f - 4. Determine s(-3).
5
Suppose 0 = -5*y + 58 + 27. Let t(p) = 7*p**2 - 3*p + 6. Let q(l) = -20*l**2 + 9*l - 17. Let z(g) = y*t(g) + 6*q(g). What is z(4)?
-4
Let q(f) = 3*f + 3*f + 4 - 4*f. Let p(z) = z**2 - 6*z - 4. Let x be p(6). Let u be q(x). Let m(d) = -d - 5. What is m(u)?
-1
Let v(w) = -26*w + 14. Let z(j) = j**3 + 5*j**2 - 2. Let c be z(-5). Let d(l) = 3 - 2*l - 3*l + 4*l - 4*l. Let f(s) = c*v(s) + 11*d(s). Determine f(4).
-7
Let p(a) = 3*a + 4 - 2*a**3 + 5*a**2 + 3*a + a**3. Let f = -189 + 344. Let b be 2/(-10) + f/25. Give p(b).
4
Let u be 7/((-28)/(-12)) + 1. Let d(m) = -2*m - 10. Suppose -4*q + 5*i + 35 = q, 4*q + 4*i - 4 = 0. Let h(n) = n + 5. Let b(p) = q*d(p) + 9*h(p). What is b(u)?
9
Let x(i) = i**3 - 8*i**2 + 9*i - 10. Let g = 35 + -28. Determine x(g).
4
Let x be (2 - 0) + (-9 - -6). Let a(n) = 4*n**3 - n**2 + 3*n + 4. Let z(w) = 5*w**3 - w**2 + 4*w + 5. Let m(g) = 4*a(g) - 3*z(g). What is m(x)?
-1
Let c = -15 + 23. Let l(d) = -4 + 8 - 3 - c*d. Give l(1).
-7
Let j(u) = -u + 3. Let w(s) = s**2 - 10*s + 15. Let h be w(3). Give j(h).
9
Let r = 87 - 87. Let q(m) be the third derivative of 1/120*m**6 - 3*m**2 - 1/15*m**5 - 1/24*m**4 + 1/3*m**3 + 0 + r*m. Calculate q(2).
-8
Let s(p) = 2*p - 5. Let d(u) = -4*u + 10. Let k(n) = 4*d(n) + 9*s(n). Suppose 0 = 2*b - 6 - 0. Suppose f - b*f + 8 = 0. What is k(f)?
3
Let r(x) = 7*x**3 + 2*x**2 - 11*x + 5. Let o(k) = -8*k**3 - 3*k**2 + 12*k - 6. Let b(w) = 6*o(w) + 7*r(w). Calculate b(5).
-1
Let j(z) = 8*z**3 - 14*z**2 - z - 1. Let f(i) = 7*i**3 - 13*i**2. Let r(p) = 7*f(p) - 6*j(p). Suppose 4*v = 3 + 21. Calculate r(v).
6
Let i be (-44)/(-8) - 1/(-2). Let b = i + -4. Let n(u) = b*u - 3*u + 1 - 6. What is n(-5)?
0
Let q be (-1 - -4) + 1*5. Let l = 0 - q. Let r(h) = h + 8. Determine r(l).
0
Let n(t) = 1 - t + 5*t + t. Calculate n(2).
11
Let m(x) = 4*x - 1. Suppose 10 = -3*o + 4. Give m(o).
-9
Let t(y) = 3*y**3 + 2*y**2 - 2*y + 1. Let b(j) = -j**3 + j. Suppose -2 = 4*u + 2. Let h(l) = u*t(l) - 4*b(l). Give h(2).
-5
Let x(d) = 356*d**3 - 354*d**3 - 2*d**2 - 1 - d + 3*d. Let u be (-1 - -3)/(-2 - -4). What is x(u)?
1
Suppose 5*x = x + 36. Let u = -13 + x. Let r(m) = m + 4. Determine r(u).
0
Let x(s) = s - 6. Let c be (-4)/8*(-28)/2. Give x(c).
1
Suppose 13*k - 11*k = 12. Let q(b) = b**3 - 5*b**2 - 6*b + 1. Determine q(k).
1
Suppose 2 - 18 = -4*t. Let h(d) = d**3 - 5*d**2 + 4*d + 4. Give h(t).
4
Let z(j) be the second derivative of -j**5/20 - j**4/4 - j**3/2 - j**2 - 14